{"id":59,"date":"2020-07-01T13:18:15","date_gmt":"2020-07-01T11:18:15","guid":{"rendered":"http:\/\/amis-institut.fr\/?page_id=59"},"modified":"2025-10-02T09:17:14","modified_gmt":"2025-10-02T07:17:14","slug":"mesmerize","status":"publish","type":"page","link":"https:\/\/amis-institut.fr\/","title":{"rendered":"Accueil"},"content":{"rendered":"<div  data-label=\"About\" data-id=\"about--1\" data-export-id=\"about-images-right-section-mc\" data-category=\"about\" class=\"about-images-right-section-mc content-section content-section-spacing\" id=\"about-1\" style=\"background-color: rgb(245, 250, 253);\"><div  class=\"gridContainer\"> <div  class=\"row middle-sm text-center\"><div  class=\"col-sm-5 content-left-sm\" data-type=\"column\"> <h5  class=\"\">Vendredi 21 novembre 2025<\/h5> <h2  class=\"\"><font  face=\"Playfair Display, sans-serif\"><b ><i >L&#8217;aventure du petit flutiste de rien du tout.<\/i><\/b><\/font><\/h2> <p  class=\"\"> Spectacle de Julien et Cl\u00e9ment Joubert<\/p> <a class=\"button color1\" href=\"https:\/\/amis-institut.fr?page_id=18\" target=\"_self\" data-cp-link=\"1\" rel=\"noopener noreferrer\">Je r\u00e9serve!<\/a><\/div> <div  class=\"col-sm-7 space-bottom-xs\"><div  class=\"image-group-side-3-img\"> <img  class=\"topimg shadow-large\" src=\"http:\/\/amis-institut.fr\/wp-content\/uploads\/2025\/10\/cropped-Capture-de\u0301cran-2025-10-02-a\u0300-09.05.51.png\" title=\"cropped-Capture-de\u0301cran-2025-10-02-a\u0300-09.05.51.png\" alt=\"\"> <a data-cp-link=\"1\" href=\"https:\/\/amis-institut.fr\" class=\"right-img-anchor\" target=\"_self\" rel=\"noopener noreferrer\"><img  class=\"rightimg shadow-large\" src=\"\" title=\"cropped-archivesjpg_5b290fc7d10a2.jpg\" alt=\"\"><\/a> <div  class=\"leftimg\"> <a data-cp-link=\"1\" href=\"https:\/\/amis-institut.fr\" target=\"_self\" rel=\"noopener noreferrer\"><img  class=\"shadow-large\" src=\"\" title=\"cropped-Capture-decran-2022-09-06-a-17.49.33-1.png\" alt=\"\"><\/a><\/div> <\/div><\/div> <\/div><\/div> <\/div><div  id=\"contact-1\" style=\"background-color: rgb(255, 255, 255); background-size: cover; background-position: center top; background-image: url(&quot;http:\/\/amis-institut.fr\/wp-content\/uploads\/2023\/09\/musique-fond-2.jpeg&quot;);\" data-label=\"Contact\" data-id=\"contact-1-mc\" data-export-id=\"contact-1-mc\" data-bullets-visibility=\"true\" data-category=\"contact\" class=\"contact-1-mc content-section content-section-spacing white-text\" data-parallax-depth=\"20\"><div  class=\"gridContainer\"> <div  class=\"row text-center\"><div  class=\"section-title-col\" data-type=\"column\"> <h5  class=\"\">Une id\u00e9e? Une question?&nbsp;<\/h5> <h2  class=\"\">Contactez-nous!<\/h2> <\/div> <\/div> <div  class=\"row text-center\"> <div  class=\"col-xs-12 col-sm-8 col-sm-offset-2 contact-form-wrapper inline-info\"> <div  class=\"card large-padding\"> <div  class=\"\" data-content-shortcode=\"mesmerize_contact_form shortcode=&quot;wpforms id=&amp;amp;quot;268&amp;amp;quot;&quot;\" data-editable=\"true\"><div class=\"wpforms-container wpforms-container-full\" id=\"wpforms-268\"><form id=\"wpforms-form-268\" class=\"wpforms-validate wpforms-form\" data-formid=\"268\" method=\"post\" enctype=\"multipart\/form-data\" action=\"\/index.php?rest_route=%2Fwp%2Fv2%2Fpages%2F59\" data-token=\"e047a32df1da84f2848977f87a2f7b3d\"><noscript class=\"wpforms-error-noscript\">Please enable JavaScript in your browser to complete this form.<\/noscript><div class=\"wpforms-field-container\"><div id=\"wpforms-268-field_0-container\" class=\"wpforms-field wpforms-field-name\" data-field-id=\"0\"><label class=\"wpforms-field-label\" for=\"wpforms-268-field_0\">Vous-\u00eates? <span class=\"wpforms-required-label\">*<\/span><\/label><div class=\"wpforms-field-row wpforms-field-large\"><div class=\"wpforms-field-row-block wpforms-first wpforms-one-half\"><input type=\"text\" id=\"wpforms-268-field_0\" class=\"wpforms-field-name-first wpforms-field-required\" name=\"wpforms[fields][0][first]\" required><label for=\"wpforms-268-field_0\" class=\"wpforms-field-sublabel after \">First<\/label><\/div><div class=\"wpforms-field-row-block wpforms-one-half\"><input type=\"text\" id=\"wpforms-268-field_0-last\" class=\"wpforms-field-name-last wpforms-field-required\" name=\"wpforms[fields][0][last]\" required><label for=\"wpforms-268-field_0-last\" class=\"wpforms-field-sublabel after \">Last<\/label><\/div><\/div><\/div><div id=\"wpforms-268-field_1-container\" class=\"wpforms-field wpforms-field-email\" data-field-id=\"1\"><label class=\"wpforms-field-label\" for=\"wpforms-268-field_1\">Email <span class=\"wpforms-required-label\">*<\/span><\/label><input type=\"email\" id=\"wpforms-268-field_1\" class=\"wpforms-field-large wpforms-field-required\" name=\"wpforms[fields][1]\" required><\/div><div id=\"wpforms-268-field_2-container\" class=\"wpforms-field wpforms-field-textarea\" data-field-id=\"2\"><label class=\"wpforms-field-label\" for=\"wpforms-268-field_2\">Dites-nous tout: <span class=\"wpforms-required-label\">*<\/span><\/label><textarea id=\"wpforms-268-field_2\" class=\"wpforms-field-large wpforms-field-required\" name=\"wpforms[fields][2]\" required><\/textarea><\/div><\/div><div class=\"wpforms-field wpforms-field-hp\"><label for=\"wpforms-268-field-hp\" class=\"wpforms-field-label\">Comment<\/label><input type=\"text\" name=\"wpforms[hp]\" id=\"wpforms-268-field-hp\" class=\"wpforms-field-medium\"><\/div><div class=\"wpforms-submit-container\" ><input type=\"hidden\" name=\"wpforms[id]\" value=\"268\"><input type=\"hidden\" name=\"wpforms[author]\" value=\"1\"><button type=\"submit\" name=\"wpforms[submit]\" class=\"wpforms-submit button color1\" id=\"wpforms-submit-268\" value=\"wpforms-submit\" aria-live=\"assertive\" data-alt-text=\"Sending...\" data-submit-text=\"Envoyer\">Envoyer<\/button><\/div><\/form><\/div>  <!-- .wpforms-container --><\/div><\/div> <\/div><\/div> <\/div><\/div>","protected":false},"excerpt":{"rendered":"<p>Vendredi 21 novembre 2025 L&#8217;aventure du petit flutiste de rien du tout. Spectacle de Julien et Cl\u00e9ment Joubert Je r\u00e9serve! Une id\u00e9e? Une question?&nbsp; Contactez-nous!<\/p>\n","protected":false},"author":1,"featured_media":0,"parent":0,"menu_order":0,"comment_status":"closed","ping_status":"closed","template":"page-templates\/homepage.php","meta":[],"_links":{"self":[{"href":"https:\/\/amis-institut.fr\/index.php?rest_route=\/wp\/v2\/pages\/59"}],"collection":[{"href":"https:\/\/amis-institut.fr\/index.php?rest_route=\/wp\/v2\/pages"}],"about":[{"href":"https:\/\/amis-institut.fr\/index.php?rest_route=\/wp\/v2\/types\/page"}],"author":[{"embeddable":true,"href":"https:\/\/amis-institut.fr\/index.php?rest_route=\/wp\/v2\/users\/1"}],"replies":[{"embeddable":true,"href":"https:\/\/amis-institut.fr\/index.php?rest_route=%2Fwp%2Fv2%2Fcomments&post=59"}],"version-history":[{"count":36,"href":"https:\/\/amis-institut.fr\/index.php?rest_route=\/wp\/v2\/pages\/59\/revisions"}],"predecessor-version":[{"id":508,"href":"https:\/\/amis-institut.fr\/index.php?rest_route=\/wp\/v2\/pages\/59\/revisions\/508"}],"wp:attachment":[{"href":"https:\/\/amis-institut.fr\/index.php?rest_route=%2Fwp%2Fv2%2Fmedia&parent=59"}],"curies":[{"name":"wp","href":"https:\/\/api.w.org\/{rel}","templated":true}]}}